t m be (z/3)/((-1)/(-3)). Suppose 4*t = -2*x + 192, -4*t + m*x + 93 = -113. Is t prime?
False
Let k(l) = 2*l - 11. Let d be k(8). Suppose 5*c - 10 + d = 0. Suppose -r + 16 = c. Is r a composite number?
True
Let n = 202 - 109. Is n composite?
True
Suppose 2*z = -4*n + 1740, -1 - 881 = -2*n + 2*z. Is n composite?
True
Suppose 11 = 4*n - 29. Is 1096/n - 3/5 prime?
True
Suppose -p - 1615 = -3*d + p, 5*p - 510 = -d. Is d a prime number?
False
Let z(j) = j**2 + 9*j + 9. Let f be z(-7). Let w(q) = -q - 3. Let c be w(f). Suppose -17 = 2*m - c*b - 69, 94 = 5*m + 4*b. Is m prime?
False
Let k(b) = -5*b**3 + 5*b**2 + b - 1. Is k(-4) a composite number?
True
Suppose -2*v = v. Suppose v = -f + 5 - 1. Suppose 5*o - w - 109 = 0, 15 = o - f*w - 22. Is o composite?
True
Let u(o) = o**2 + 7*o - 14. Let a(r) = -r + 1. Let z(b) = -6*a(b) - u(b). Let t be z(6). Is 4 - 2 - -1 - t a composite number?
False
Let s(o) = -29*o - 2. Is s(-17) prime?
True
Suppose -3*a = -2*a - 319. Suppose 0 = -o - 4*o - 2*h - a, 2*h = -4*o - 254. Let j = 12 - o. Is j prime?
False
Suppose 0 = -l + 11 - 4. Suppose 2*c = l*c - 1330. Suppose -c = -3*w + 223. Is w composite?
False
Let k(m) = -34*m + 5. Let y = 7 + -13. Is k(y) composite?
True
Let s(y) be the first derivative of 13*y**3/3 - y**2/2 + y + 2. Let h be s(4). Let u = h + 88. Is u a prime number?
True
Let o = 674 + -425. Is o a composite number?
True
Let n(v) = -16*v - 1. Let q be n(-1). Suppose -71 = -2*z - 2*z - 5*k, 0 = 3*k + q. Suppose 0*l - 2 = -2*l, o - z = -l. Is o composite?
False
Let k(c) be the third derivative of -c**6/120 + c**5/60 + c**4/3 + 5*c**3/6 - 2*c**2. Let r be k(-5). Suppose 3*i - 518 = r. Is i composite?
False
Let b = 505 - 158. Is b a prime number?
True
Let n(b) = -193*b + 13. Is n(-6) composite?
False
Let g = -2 - -7. Suppose -g*m - 130 = -10*m. Is m a composite number?
True
Let t(z) be the second derivative of -z**4/12 + 5*z**3/6 + 3*z**2 - z. Let p be t(5). Let j(d) = -d**3 + 6*d**2 + 7*d + 5. Is j(p) prime?
True
Is 24*2 + 2/(-2) composite?
False
Suppose -3*p + 4 = -35. Suppose 2*m - p = -3, -3*g - 1141 = m. Is g/(-18) + (-6)/27 prime?
False
Let k = 1 + 1. Suppose -g - k*g = -291. Is g a prime number?
True
Let m be ((-12)/(-10))/((-3)/(-10)). Is 123/m + 3/12 a composite number?
False
Let u(x) = 19*x - 34. Is u(17) prime?
False
Suppose -3*z - 5*p = -7, -3*z + 8 = -0*z + 4*p. Suppose -3*n + x + 72 = z*x, -x = -3*n + 60. Is n a prime number?
False
Suppose 5*p + 644 = 3*q, 674 = 5*q - 2*q + p. Is q composite?
False
Let t(z) = 0 + z**2 - 2*z + 1 + z**3 + z. Let s be t(1). Suppose s*q = -3*o + o + 8, o = -2*q + 10. Is q prime?
False
Let a(r) = -r**3 - 3*r**2 + 2*r - 3. Let j be a(-4). Is (-113)/(-5) + (-3)/j a prime number?
False
Suppose -4*k + 0*k = -4780. Is k a prime number?
False
Let a be ((-18)/15)/(1/10). Is (-272)/a - (-1)/3 a composite number?
False
Suppose 5*c - 4*h - 1235 = 0, -7*c + h + 988 = -3*c. Let g = c + -70. Is g a prime number?
False
Let m(z) be the first derivative of -z**3/6 + 111*z**2/2 - 4*z + 1. Let l(g) be the first derivative of m(g). Is l(0) prime?
False
Let y = -5 + 7. Suppose -j - 161 = -y*j. Is j composite?
True
Suppose d - 5*f - 5 = 0, -4*d + 5*f + 1 = -4. Suppose d = 5*s - 191 - 74. Is s a prime number?
True
Let g(o) = 447*o**3 - o + 1. Is g(1) prime?
False
Suppose n - 40 = 3*n. Let w = 34 + n. Let j = -8 + w. Is j a prime number?
False
Suppose -66 = z - 535. Is z/(-14)*2*-3 a composite number?
True
Let m(a) = 3*a**2 + 2*a - 2. Let p be m(-3). Suppose 5*u = 6 + p, 5*w = 3*u + 2850. Is ((-8)/24)/((-1)/w) a prime number?
True
Let v = -315 - -661. Is v composite?
True
Suppose b + 529 = 3*r, 5*b = -4*r + 2*b + 714. Suppose -r = -5*j + 628. Is j a composite number?
True
Is 0/(-1) + -4 + 4 + 287 a prime number?
False
Suppose -2*j + 2*g - 118 = -7*j, g + 1 = 0. Is -3*(-10)/j*28 a composite number?
True
Let c(t) be the second derivative of t**5/20 - 7*t**4/12 + t**3/6 - t**2 + 3*t. Let y be c(7). Suppose 460 = 5*k + y*h, -2*k + 187 = 2*h - h. Is k composite?
True
Let j be 5/((-10)/(-6)) + -1. Suppose -4*b + 3*t + 5 = 0, 5*t = j*b + 3*b - 5. Is b a composite number?
False
Let d be (-18)/(-5) - 6/(-15). Suppose 4*l = 3*r + 64, 3 = -l - 0*l - d*r. Is l composite?
False
Suppose 4*r - 14157 = -5*l, r = -2*l + 5966 - 302. Is l composite?
False
Let q(v) = -219*v. Let p(g) = -1. Let t(c) = -2*p(c) + q(c). Is t(-1) a composite number?
True
Let z = 7 + -5. Let y(v) = v**2 + 2*v**2 - 4*v**2 + 149 + z*v - 3*v. Is y(0) a composite number?
False
Let x(l) = -95*l. Let u be x(1). Let k = 237 + u. Is k prime?
False
Suppose 9 = -5*b - x, 0 = -5*b + 4*x - 9 - 5. Let l(s) = -13*s - 8. Let p(u) = -26*u - 16. Let v(t) = b*p(t) + 5*l(t). Is v(-7) composite?
False
Let c = 1657 - 918. Is c composite?
False
Let c(o) be the third derivative of -o**6/120 + o**5/60 + o**4/24 + 91*o**3/6 - 8*o**2. Let w be (-1)/(-2 + 1) - 1. Is c(w) prime?
False
Let p be ((-9)/(-6))/(3/(-28)). Let f = p - -61. Is f a composite number?
False
Let r = 4 - -101. Let f = -6 + 6. Suppose f = -2*g - g + r. Is g a composite number?
True
Let z be (-2)/(-12) - (-115)/30. Suppose z*n - 22 = -h, -3*n = 3*h - 21 - 0. Suppose h*r - x = 178, 5*r + 6*x - 3*x = 467. Is r a prime number?
False
Let w = -166 + 323. Is w a prime number?
True
Suppose -5*s + s - 24 = 0. Let f be (2/s)/((-1)/12). Suppose 4*x - 5*v = 250, -v + 252 = f*x - 5*v. Is x a prime number?
False
Suppose -n + z = 4*z + 496, -3*n + 2*z = 1510. Is (8 + -6)/((-4)/n) a prime number?
True
Let o = -3242 + 6181. Is o a prime number?
True
Let j be 12/(-66) + (-84)/22. Let x(h) = 5*h**2 - h + 1. Is x(j) a composite number?
True
Is 756 - (9/(-6)*-2 + -4) a prime number?
True
Suppose -5*o = -u + 1409, 0*o + o = -2. Is u composite?
False
Let d(b) = b**2 - 2*b - 4. Suppose -2*g = 5 + 9. Let f be d(g). Suppose -p + f + 32 = 0. Is p composite?
True
Suppose -4*h = -16, 0*t = 4*t + 5*h - 676. Let j = t - 111. Is j prime?
True
Let o = 518 - 295. Is o prime?
True
Let u = 12 - 7. Suppose -u*q + 6*q - 853 = 0. Is q composite?
False
Let j(r) = 7*r**2 + 9*r + 10. Let w be j(-7). Is (-6)/(-21) - w/(-14) composite?
True
Let t = -295 - -651. Let a = t - 171. Is a prime?
False
Let g(q) = -2*q**3 - 6*q**2 - 3*q + 7. Is g(-5) composite?
True
Is 1 + 1 - -2 - -155 prime?
False
Let p(u) = 21*u - 7. Let l be p(-7). Let o = -75 - l. Is o composite?
False
Suppose 4*v - 6 - 4 = -2*b, b - 3*v = 0. Suppose -h + 5*g + 13 = -218, b*h - 641 = 2*g. Is h a prime number?
True
Let l(h) = 19*h + 8. Is l(5) composite?
False
Let u(c) = 6*c**2 + c. Let w be u(1). Suppose -2*r + w = -r. Let a = r + 31. Is a prime?
False
Let q(x) = -x + 1. Let d = 7 + -9. Is q(d) a prime number?
True
Suppose -5*q = 0, 3*q - 476 = -4*u - 2*q. Is u prime?
False
Let i(l) = -l + 1. Let w(a) = 60*a + 5. Let y(q) = 4*i(q) - w(q). Is y(-2) a composite number?
False
Let z(k) = -k**3 - 7*k**2 + 4*k - 8. Let w(d) = -d**2 - d - 1. Let u(c) = -3*w(c) + z(c). Let l be 2/5 - 64/10. Is u(l) a prime number?
False
Suppose -6 = -2*t, -3*f - 3*t + 1767 = -0*f. Is f prime?
False
Suppose 64565 = 13*m - 6792. Is m a composite number?
True
Is 5 - -4*12/(-16) - -1025 a composite number?
True
Let b(d) = 5*d**2 - 6*d + 20. Let o be b(-9). Suppose -3*t = -o - 400. Is t a prime number?
True
Let n = 1065 + -671. Let s = n - 134. Suppose -3*g + 64 + 265 = 5*c, 4*c + 4*g = s. Is c composite?
False
Is (-13)/((-195)/10)*3129/2 a prime number?
False
Suppose 0 = 5*v - 2*v - 6. Suppose -v*n = -7*n + 275. Is n composite?
True
Suppose d + 0 = 79. Let z = 164 - d. Is z a composite number?
True
Suppose 2*l + 2*l - 424 = 0. Let z = l - 53. Is z composite?
False
Let g = 611 + -304. Is g a composite number?
False
Let u(o) = 8*o**2 + o - 12. Is u(-7) prime?
True
Let f(u) = -u + 2. Let a be f(0). Suppose 0 = -3*j + a*q + 29, j + 3*q - 9 = -2*j. Is j prime?
True
Let n = -4 - -4. Let u be (n - (-2 - 0)) + 2. Suppose -u*f + 9*f + 285 = 3*i, -4*i + 380 = -f. Is i a prime number?
False
Suppose -4 - 20 = -4*r. Let b = 324 + -217. Suppose 5*t = -2*u + 47, 0 = -u + r*u + 2*t - b. Is u a composite number?
True
Is (-2145)/(-24) + (-9)/24 prime?
True
Suppose 2*p - 793 - 149 = 0. Is p prime?
False
Suppose 0 = 3*w - 51 - 6. Is w composite?
False
Suppose 4*p + 496 = 1160. Let d = p - 81. Is d composite?
Tr